alculate the remainder when 530484 is divided by 8288.
52
Calculate the remainder when 109087 is divided by 416.
95
What is the remainder when 367244 is divided by 122015?
1199
What is the remainder when 759212 is divided by 58?
50
Calculate the remainder when 2997317 is divided by 2377.
2297
What is the remainder when 18816024 is divided by 22?
18
What is the remainder when 9799 is divided by 941?
389
What is the remainder when 2435755 is divided by 2143?
1307
What is the remainder when 1033025 is divided by 258245?
45
What is the remainder when 14857889 is divided by 2476314?
5
Calculate the remainder when 967817 is divided by 41.
12
Calculate the remainder when 248341 is divided by 2642.
2635
Calculate the remainder when 9204553 is divided by 17.
5
Calculate the remainder when 23913 is divided by 7271.
2100
What is the remainder when 2777983 is divided by 791?
782
Calculate the remainder when 49189 is divided by 49098.
91
What is the remainder when 13728791 is divided by 3059?
3058
What is the remainder when 1525246 is divided by 95327?
14
Calculate the remainder when 1379089 is divided by 138.
55
What is the remainder when 1191375 is divided by 29?
26
What is the remainder when 244704 is divided by 81272?
888
What is the remainder when 129918 is divided by 64920?
78
What is the remainder when 102970083 is divided by 13?
8
What is the remainder when 173865 is divided by 86924?
17
What is the remainder when 187117 is divided by 46779?
1
What is the remainder when 7359 is divided by 3675?
9
What is the remainder when 2527256 is divided by 444?
8
What is the remainder when 5995550 is divided by 810?
740
Calculate the remainder when 17540137 is divided by 51137.
146
Calculate the remainder when 12185000 is divided by 698.
14
Calculate the remainder when 1018196 is divided by 168.
116
Calculate the remainder when 747869 is divided by 1441.
1431
Calculate the remainder when 1161537947 is divided by 13.
11
What is the remainder when 30668679 is divided by 22?
19
What is the remainder when 21625237 is divided by 4325046?
7
Calculate the remainder when 1105441 is divided by 6204.
1129
What is the remainder when 315949 is divided by 784?
781
What is the remainder when 4202081786 is divided by 311?
310
What is the remainder when 5994808 is divided by 1940?
208
Calculate the remainder when 50172 is divided by 50149.
23
What is the remainder when 3694463 is divided by 2909?
33
What is the remainder when 3893636 is divided by 161?
12
Calculate the remainder when 4758049 is divided by 22.
21
Calculate the remainder when 1750816 is divided by 17863.
242
What is the remainder when 3172 is divided by 179?
129
Calculate the remainder when 757965 is divided by 9.
3
Calculate the remainder when 50247779 is divided by 729.
725
What is the remainder when 1354570 is divided by 104195?
35
Calculate the remainder when 882703 is divided by 120.
103
What is the remainder when 6721210 is divided by 719?
717
Calculate the remainder when 8997064 is divided by 4498530.
4
Calculate the remainder when 2581110 is divided by 645259.
74
Calculate the remainder when 15055040 is divided by 628.
624
What is the remainder when 114742966 is divided by 2519?
2516
What is the remainder when 196496 is divided by 10329?
245
What is the remainder when 116804 is divided by 1018?
752
What is the remainder when 10817 is divided by 8693?
2124
Calculate the remainder when 9495 is divided by 231.
24
Calculate the remainder when 800756 is divided by 200173.
64
Calculate the remainder when 350374 is divided by 35029.
84
Calculate the remainder when 2397821 is divided by 1394.
141
Calculate the remainder when 7801153 is divided by 89.
36
Calculate the remainder when 5834267 is divided by 486188.
11
Calculate the remainder when 2948643 is divided by 1058.
1055
What is the remainder when 2643075 is divided by 440?
435
Calculate the remainder when 64002 is divided by 14896.
4418
What is the remainder when 283777 is divided by 5566?
5477
Calculate the remainder when 23729549 is divided by 176.
173
Calculate the remainder when 23269287 is divided by 30.
27
Calculate the remainder when 335459 is divided by 1349.
907
What is the remainder when 4124155 is divided by 576?
571
Calculate the remainder when 214272737 is divided by 1047.
1046
Calculate the remainder when 206127 is divided by 103037.
53
What is the remainder when 15010582 is divided by 771?
754
Calculate the remainder when 48866 is divided by 4069.
38
What is the remainder when 104167725 is divided by 456?
453
Calculate the remainder when 580791 is divided by 6453.
21
What is the remainder when 129931 is divided by 3703?
326
Calculate the remainder when 656435558 is divided by 218811849.
11
Calculate the remainder when 61913 is divided by 20460.
533
What is the remainder when 1489611 is divided by 21899?
479
Calculate the remainder when 40516863 is divided by 89.
58
What is the remainder when 10794211 is divided by 1243?
1242
Calculate the remainder when 226209115 is divided by 7521.
7519
Calculate the remainder when 9343353 is divided by 493.
17
Calculate the remainder when 259555 is divided by 135.
85
What is the remainder when 81578 is divided by 19877?
2070
What is the remainder when 11341 is divided by 3756?
73
What is the remainder when 20185107 is divided by 332?
171
Calculate the remainder when 754210 is divided by 224.
2
What is the remainder when 33098023 is divided by 33098022?
1
Calculate the remainder when 16310757 is divided by 3516.
33
What is the remainder when 1776597 is divided by 2437?
24
Calculate the remainder when 17559866 is divided by 559.
558
Calculate the remainder when 1301366 is divided by 259884.
1946
What is the remainder when 6997340 is divided by 3969?
3962
Calculate the remainder when 11838216 is divided by 184.
24
Calculate the remainder when 162644 is divided by 465.
359
Calculate the remainder when 10843442 is divided by 186.
14
Calculate the remainder when 3405191 is divided by 2204.
11
Calculate the remainder when 741436 is divided by 1644.
1636
What is the remainder when 3325138 is divided by 9367?
9220
Calculate the remainder when 70027 is divided by 106.
67
What is the remainder when 7849522 is divided by 8109?
10
What is the remainder when 923199 is divided by 160?
159
Calculate the remainder when 20539 is divided by 965.
274
What is the remainder when 262046304 is divided by 4834?
4832
What is the remainder when 81863 is divided by 39328?
3207
Calculate the remainder when 823015 is divided by 48352.
1031
Calculate the remainder when 3656675 is divided by 2877.
8
Calculate the remainder when 126824 is divided by 262.
16
What is the remainder when 3475547 is divided by 102?
101
What is the remainder when 238036608 is divided by 7438644?
0
What is the remainder when 121347 is divided by 13293?
1710
What is the remainder when 811472 is divided by 656?
0
What is the remainder when 1031013 is divided by 988?
529
Calculate the remainder when 1512586 is divided by 67.
61
What is the remainder when 407509548 is divided by 10?
8
What is the remainder when 1391418 is divided by 3566?
678
Calculate the remainder when 10440749 is divided by 112.
109
Calculate the remainder when 3299639 is divided by 366614.
113
Calculate the remainder when 6456648 is divided by 25.
23
Calculate the remainder when 12906234 is divided by 35.
19
Calculate the remainder when 2116300 is divided by 1096.
1020
What is the remainder when 3494595 is divided by 911?
910
Calculate the remainder when 467612 is divided by 2879.
1214
What is the remainder when 20216285 is divided by 10?
5
Calculate the remainder when 2891873 is divided by 1059.
803
What is the remainder when 33579357 is divided by 697?
685
What is the remainder when 20911 is divided by 1601?
98
Calculate the remainder when 4085420 is divided by 378.
374
What is the remainder when 255227 is divided by 388?
311
What is the remainder when 2496249 is divided by 2784?
1785
What is the remainder when 8782511 is divided by 16?
15
Calculate the remainder when 27578506 is divided by 147.
130
Calculate the remainder when 47921 is divided by 253.
104
Calculate the remainder when 3481189 is divided by 104.
101
What is the remainder when 1405865 is divided by 468616?
17
What is the re